 Let t = v - p. What is the units digit of t?
6
Let d(h) = 58*h - 19. What is the tens digit of d(8)?
4
Suppose 0*i - 22 = -i. Suppose -4 = -b + i. What is the tens digit of b?
2
Let g(l) = -l**3 + 6*l**2 + 4. Let t be g(6). Suppose -4*d - 114 = -4*k + 414, 4*d - 488 = -t*k. What is the units digit of k?
7
Let f be 6/(((-1)/(-366))/((-32)/(-144))). Suppose 13*m - 201 = f. What is the tens digit of m?
5
Let q(d) = -d**2 + d - 11. Let s be q(4). Let j = s + 59. Suppose -8*i + 5*i + j = 0. What is the tens digit of i?
1
Let i(p) = p**3 + 6*p**2 + 3*p - 6. Let c(l) = -l**3 - 8*l**2 - 5*l + 9. Let a be c(-7). Let j be i(a). What is the units digit of 47/j - 1/(-4)?
2
Let n = -2567 + 5998. What is the thousands digit of n?
3
Let a = -34 + 37. Suppose -a*d - 2*d + 120 = j, -3*j + 303 = -4*d. What is the hundreds digit of j?
1
Suppose 0 = 2*i - 3*d + 17, -d + 4 = -4*i - 5*d. What is the units digit of (-650)/(-70) - i/(-14)?
9
Let f(z) = -z**3 + 16*z**2 - 23*z + 11. What is the hundreds digit of f(10)?
3
What is the units digit of (-2342)/(-5) - (8 + (-172)/20)?
9
Let h = -7 + 8. Let x be 0*2/2*h. Suppose x*l - 5*l = -75. What is the tens digit of l?
1
Suppose 5*n - 5554 = -2*w, -14*w + 5*n = -18*w + 11088. What is the tens digit of w?
6
Suppose -36*b = -35*b - 507. What is the units digit of b?
7
What is the tens digit of (18/(-8))/(9*(-2)/2616)?
2
Suppose -8 - 2 = -5*n. Let v = n + 1. Suppose 0 = 2*t + v*t - 40. What is the units digit of t?
8
Suppose 5*l + 4*y - 4728 = 7204, 0 = -l + 4*y + 2396. What is the thousands digit of l?
2
Suppose -p = 3*m - 33 - 6, 0 = -4*m - 3*p + 52. Suppose -m*z + 66 = -11*z. What is the units digit of z?
3
Let z(u) = 2*u + 40. Let n be 0/(1 + -5 + 2). Let p be z(n). Let y = 88 - p. What is the units digit of y?
8
Suppose -6*x = -10*x + 44. Suppose -3*g + x = -148. What is the units digit of g?
3
What is the hundreds digit of ((-128)/(-192))/(2/1881)?
6
Suppose 5*x - 2*x + 30 = 3*o, 3*o - 2*x - 30 = 0. What is the tens digit of o?
1
Suppose -7843 = -43*c + 32*c. What is the hundreds digit of c?
7
Let j(w) = 4*w**2 + 15*w + 15. Let x be (-1 - -2)*(-3 - 3). What is the units digit of j(x)?
9
Let u(x) = 3*x - 22. Let n be u(9). Suppose 2*h + n*h = 35. Let l(w) = w**2 + 9*w - 10. What is the tens digit of l(h)?
6
Let r = -479 + 870. What is the units digit of r?
1
Let x(t) = -57*t - 12. Let i be x(-6). Suppose m - i = -4*m. Suppose 5*h = -2*o - m + 257, 4*o + 62 = 2*h. What is the tens digit of h?
3
Let t = -1831 - -4051. What is the tens digit of t?
2
Suppose -5*g + 3486 = 2*i, -596 - 806 = -2*g + 3*i. What is the tens digit of g?
9
Suppose 2*g + 2*i = 6, 5*g - 4*i = -6*i + 18. What is the tens digit of -122*((-45)/10 + g)?
6
What is the units digit of (-141)/329 + (-23201)/(-7)?
4
Let r = 1929 + -1081. What is the units digit of r?
8
Let f(l) = 12*l**2 - 22*l + 9. Let v be f(7). Suppose -3*k - 2*y = -v, -252 = -5*k + 2*y + 465. What is the tens digit of k?
4
Suppose 5*z = -d - 20, 5*z = 3*z - 10. Suppose 0 = -q - 5*k + 173, d*q - 5*k = 1040 - 295. What is the units digit of q?
3
Suppose 5 = -r - 2*f, 0 = 5*r - 5*f - 13 - 7. Let s be (-3 + r)*(-12)/8. What is the units digit of 65/s - 4/6?
1
Suppose -97*y + 32160 = -81*y. What is the thousands digit of y?
2
Let i = 2 + -4. Let s = 112 - 102. What is the tens digit of (i/5)/(s/(-1250))?
5
Suppose 4*c - 2*a = -a + 3343, 0 = 4*c - 2*a - 3338. What is the tens digit of c?
3
Suppose 3*m - 6*m - 898 = y, -2*y = 5*m + 1498. Let c = 559 + m. What is the units digit of c?
1
Let r(m) = -7*m - 22. Let n be r(-20). Suppose -5*c + n = 33. What is the tens digit of c?
1
Let p(i) = -4 + 36*i + 3 - 2. What is the units digit of p(7)?
9
Suppose -72 = -2*b - 4*x, -3*b = b - 4*x - 96. Suppose -4*r = -5*p + 60, -r - 8 - b = -3*p. What is the tens digit of p?
1
Let p = 14 - 17. Let g(v) = v**3 + 3*v**2 + 4. Let k be g(p). Suppose 5*f - k*f + 35 = 2*x, -2*f = 10. What is the tens digit of x?
1
What is the units digit of 157 + (-16)/(-1) + -10?
3
Let r be 0 + 4*(-5)/(-2). Let b be (9/6)/(12/(-72)). Let s = b + r. What is the units digit of s?
1
Suppose g - 474 = 273. What is the hundreds digit of g?
7
Suppose 2*c = 2 + 6. Suppose -4*i = -4*h - c, i + 1 = 4*h - 10. What is the units digit of (-9)/(h/8*-3)?
6
Suppose 5*t - n = 3665, 9*n - 12*n = 0. What is the units digit of t?
3
Let r = 23 + -18. Suppose 124 = -3*d + r*d. What is the tens digit of d?
6
Suppose 62*m = 183794 - 34684. What is the tens digit of m?
0
Let z(j) = 2*j**2 + 7*j + 4. Let m be 1/(-1) + 12 + 3. Suppose -8 - m = 4*q + 2*p, 5*q + p + 26 = 0. What is the units digit of z(q)?
9
Let x be (-18)/63 - 86/(-7). Let y(r) = r - 11. What is the units digit of y(x)?
1
Suppose 2*x - 4 = -m + 3, 5*m = -5*x + 10. Let y(s) = 5*s**2 + 3 + 3 - 4 + 2*s. What is the tens digit of y(m)?
4
Let o(w) = -62*w - 532. What is the units digit of o(-62)?
2
Suppose 0 = 5*n + 5*v - 30, 3*n - 8 - 9 = -4*v. Suppose -6*b - 202 = 44. Let d = n - b. What is the units digit of d?
8
Suppose -15972 = -203*u + 191*u. What is the hundreds digit of u?
3
Suppose 14350 = 971*j - 957*j. What is the hundreds digit of j?
0
Suppose 0 + 0 = 7*x. What is the units digit of 25*(x + (-104)/(-20))?
0
What is the hundreds digit of 3/(-3)*-3 + 19 + 921?
9
Let o(w) = 166*w**2 + 2*w - 1. Let a be o(1). Suppose -3*m + 105 = -3*h, 4*m + m - a = 3*h. Let c = 28 + m. What is the units digit of c?
9
Let f = 694 - 378. Suppose 0 = 5*g - 129 - f. What is the tens digit of g?
8
Suppose -4*h + 17 = -3. Let u(p) = -p**3 - p + 106. Let d be u(0). Suppose 25 = h*t, t = -4*g + 3*t + d. What is the units digit of g?
9
Let g(m) = m**3 + 20*m**2 - 2*m + 11. What is the tens digit of g(-20)?
5
Let i(w) = 5*w**2 + 8*w - 7. What is the units digit of i(-8)?
9
Suppose 2*w = -k + 4*w, 0 = k + 3*w. Suppose k*d = -2*d. Suppose 0 = -2*u - 5*t + 28, -3*t + d*t - 30 = -4*u. What is the units digit of u?
9
Let g(z) = -5 + 4 + 34*z**3 + 2*z - z - z**2. What is the tens digit of g(1)?
3
Let c = 165 - 154. Let a(m) = m**3 - 10*m**2 + m - 9. What is the hundreds digit of a(c)?
1
Let f(w) = w + 4. Suppose 4*s + 8 = -4*i - s, -4 = 2*i - s. Let g be f(i). Suppose -29 = -g*u + 5. What is the tens digit of u?
1
Let g(a) = -a**3 - 12*a**2 + a + 12. Let s be g(-12). Let t(f) = -9*f - 3 + 0*f**2 + 0 + s*f - f**2. What is the units digit of t(-6)?
5
Let v(a) = -105*a - 680. What is the units digit of v(-33)?
5
Let r(g) = -g**2 + 8*g - 10. Let x be r(7). Let j be (x + 33/6)*2. Suppose -j*z - 4 = -54. What is the units digit of z?
0
Let w(h) = -17*h - 1. Let a be w(6). Let y(t) = -2*t**3 - 22*t**2 + 18*t + 26. Let f be y(-11). Let n = a - f. What is the tens digit of n?
6
Suppose -203 - 193 = -4*r. Suppose 734 - r = 5*i. What is the hundreds digit of i?
1
What is the units digit of 2*(-4 + -2 - -4) - -1724?
0
What is the tens digit of 1*8/(-16)*-4516?
5
Let h(d) = -1 - 11*d**2 - 5*d + 31*d**2 + 33*d**2 - 3. What is the units digit of h(-2)?
8
Suppose f + 4*f = 4*n - 509, -2*n + 5*f = -257. Let h = n - 2. What is the units digit of h?
4
Let s be 5/(-25) + 612/10. What is the tens digit of s - (0 - (-5 + 2))?
5
Let a = -409 + 854. What is the units digit of a?
5
Let f(v) = v**3 + 8*v**2 - v + 3. Let g be f(-8). What is the units digit of 854/8 + g/44?
7
Let v(b) = 49*b + 1. Let t(g) = 3 - 2 + 0 + g**2 + 0 - 8*g. Let a be t(8). What is the tens digit of v(a)?
5
Let x be (12/(-1) + -2)*-10. Let h be ((-5)/10)/((-8)/960). Suppose -3*s = -d + h, d + 4*s - x = -d. What is the units digit of d?
6
Let t be (-6)/(-3 - -1) + -3. Suppose -5*l + t*g + 730 = g, -4*l = -5*g - 613. What is the hundreds digit of l?
1
Suppose 0 = -6*z + 80 + 190. Let o = 97 - z. What is the units digit of o?
2
Suppose 4*z - 50 = 3*o, -o - 4*o = -2*z + 18. Let h be (45/3)/((-3)/(-2)). What is the tens digit of 24/h*105/z?
1
Suppose -21*b + 9486 = -4836. What is the tens digit of b?
8
Let w = -16 + 52. Suppose 2*u = -u - w. What is the units digit of -4 + 2 - (u - -4)?
6
Let j = 1033 + 279. What is the thousands digit of j?
1
Suppose -6*x + 12 = -2*x. Suppose m - 5 = -3*r + 3*m, 1 = -2*r - x*m. What is the units digit of 1 - -28 - 2/r?
7
Let n(x) be the second derivative of 7*x**5/30 - x**4/24 + x**3/6 - x**2/2 - 3*x. Let v(j) be the first derivative of